+ 4. List the prime factors of u(o).
2
Let o(n) = n**2 - 4*n - 9. Let q be o(6). Suppose q*i + 2*i = 300. What are the prime factors of i?
2, 3, 5
Suppose 13 = 9*u - 14. Suppose -80 = u*g - 290. What are the prime factors of g?
2, 5, 7
Suppose 14808 = -2*h + 5*h. List the prime factors of h.
2, 617
Suppose -42*m = -59*m + 12784. What are the prime factors of m?
2, 47
Suppose 0*a = 3*a + 27. Let k be 109 + 5/((-15)/a). Suppose c = 4*u - 4*c - 117, -4*u + k = -4*c. List the prime factors of u.
23
Let c(w) = -w**2 + 11*w + 15. Let x be c(12). Suppose -x*l = -8*l + 95. What are the prime factors of l?
19
Let j(q) be the second derivative of q**4/12 - q**3/3 + 79*q**2/2 + 20*q. List the prime factors of j(0).
79
Suppose 3*j - 2*j = 152. Let x be j/12*3/1. Let s = x - 12. List the prime factors of s.
2, 13
Suppose 0 = -11*t + 19*t + 616. Let j = t - -171. List the prime factors of j.
2, 47
Let r(u) = 42*u - 1. Let d be r(-2). Let h(y) = 21*y + 6. Let x(j) = -295*j - 85. Let w(v) = d*h(v) - 6*x(v). List the prime factors of w(-1).
3, 5
Let a(o) = 2*o + 2. Let x be a(3). Suppose -4*l + x = 4*u, -u + 5*u = -5*l + 7. Suppose -u*i = 5*h - 40, i + 6 - 1 = 2*h. What are the prime factors of h?
5
Let v(a) = 0*a - 2 - 2*a - a + 4. List the prime factors of v(-16).
2, 5
Let q(p) = -134*p - 4. Let l be q(-1). Suppose 0 = 3*w - 4*o - l - 176, 5*w - 5*o - 505 = 0. What are the prime factors of w?
2, 7
Suppose -5 = 4*v - 25. Suppose -v*o = -3*z + 114, -o + 0*o + 2*z = 27. Let s = o - -32. List the prime factors of s.
11
Let m(f) = -f**2 + 6*f - 2. Let g be m(5). Let d be 29 + (-3)/(-9)*g. What are the prime factors of 4/(-10) + 612/d?
2, 5
Let t = 3100 + -1191. What are the prime factors of t?
23, 83
Suppose -20*z = 8*z - 15288. What are the prime factors of z?
2, 3, 7, 13
Let t be (-94)/(-6) + 2/6. Suppose 4*u + t = -2*g, -4*g + 32 = -5*u + 12. Let k(r) = r + 20. List the prime factors of k(g).
2, 5
Let h(r) be the second derivative of -r**5/20 - 5*r**4/4 + 5*r**3/3 + 6*r. Let z(m) be the second derivative of h(m). List the prime factors of z(-12).
2, 3, 7
Suppose 0 = -3*c + 23 - 2. Suppose -5*k + 27 = c. Suppose -k*u = u - 140. What are the prime factors of u?
2, 7
Let z(v) = v**3 + 51*v**2 - 80*v - 85. List the prime factors of z(-52).
3, 457
Let w(z) = z**2 + 12*z - 107. What are the prime factors of w(43)?
2, 1129
Let f = 1027 + -21. What are the prime factors of f?
2, 503
Suppose -2*n = 2*f - 8, 5*n = -4*f - 0*n + 18. Let j be -2*(1 + f + 1). List the prime factors of 12/(1 + 2/j).
2
Suppose 2*u + 495 - 5053 = 0. List the prime factors of u.
43, 53
Suppose -795 = -6*z + 87. Let g = z - 209. Let p = -38 - g. What are the prime factors of p?
2, 3
Let a be -2*1/2 + 3. Suppose 8 = a*d - 0*d. Suppose -3*c = -2*q - 124, d*c - 124 = -3*q + 47. List the prime factors of c.
2, 3, 7
Suppose 2*h - m = 31, 0*h - 2*h + 5*m = -27. Let a = h - 2. List the prime factors of a.
2, 7
Let y(u) = 7*u**2 + 71*u - 15. List the prime factors of y(-17).
3, 89
Let v(r) be the second derivative of -r**3/6 + 3*r**2/2 - 27*r. List the prime factors of v(1).
2
Let i = 1710 + 2016. List the prime factors of i.
2, 3, 23
Suppose 5*l = -5*v + 20340, -3*v + 6185 = -3*l - 5995. What are the prime factors of v?
2, 127
Let f = -198 + 280. Let z = f + -16. What are the prime factors of z?
2, 3, 11
Let n(p) be the third derivative of p**4/12 + 7*p**3/2 - 9*p**2. List the prime factors of n(13).
47
Let s be -3 - (-5 + 2 - 3). Suppose 3*b = 4*k - 6*k - 5, 0 = s*k + 4*b + 5. Suppose 0 = k*x + v - 11, -4*v = 20 - 4. What are the prime factors of x?
3
Suppose -25*a - 5*q + 1511 = -24*a, 3*a - 4623 = 3*q. What are the prime factors of a?
2, 3
Let u(x) = -45*x**2 + 1. Let q be u(-1). Let k = 83 + q. Suppose 0 = 4*z + 12, 4*f + 5*z = 2*f + k. What are the prime factors of f?
3
List the prime factors of (4/16)/((-1)/(-2792)).
2, 349
Let l = 97 + -93. Suppose -561 = -l*p + 2*z - 7*z, 3*p + 3*z = 417. List the prime factors of p.
2, 67
Let t(d) = 4*d**2. Let x(s) = 2*s + 3. Let m be x(-2). Let a be t(m). Suppose 0 = -a*v + v + 12. What are the prime factors of v?
2
Let z = -1748 + 2560. What are the prime factors of z?
2, 7, 29
Let a(t) = t**2 - 2*t + 12. Suppose -3*g = -8*g + 55. Let p = g - 5. List the prime factors of a(p).
2, 3
Suppose 375 = p + 4*v, v = -p + 4*v + 382. What are the prime factors of p?
379
Let s = -201 - -185. Let x(z) = 6 - 16*z + z**3 - z - 2*z + 15*z**2. What are the prime factors of x(s)?
2, 3
Let l = -29 - -35. Suppose -l = 4*y - 50. Let p = 18 - y. List the prime factors of p.
7
Suppose 77*v = 93*v - 46496. What are the prime factors of v?
2, 1453
Suppose 12*x - 1712 = 4*x. List the prime factors of x.
2, 107
Suppose 24*c = 14*c + 20. Suppose -4*o + 312 = 4*x, 1 = 3*o - 8. Suppose i + 4*y - 25 = c*y, -4*i - 3*y = -x. What are the prime factors of i?
3, 5
Suppose -3*f + 7 = 5*p + 181, -p - 2*f = 39. Let h(g) = -g**2 - 8*g + 3. Let r be h(-9). Let d = r - p. List the prime factors of d.
3
Let c(q) = 1816*q**3 + 2*q**2 - 2*q + 2. What are the prime factors of c(1)?
2, 3, 101
Let m = -113 - -111. What are the prime factors of (-56)/21*(m + 226/(-4))?
2, 3, 13
Let i(u) = -2*u**2 + 4*u + 7. Let g be i(-2). Let n(c) = -5*c + 16. What are the prime factors of n(g)?
61
List the prime factors of (2118/(-9))/(8/(-12)).
353
Let v(i) = -120*i + 74. List the prime factors of v(-6).
2, 397
What are the prime factors of ((-211)/(-2))/((-9)/(-18))?
211
Let k = 23 - 21. Let i(s) = 29*s - 17. List the prime factors of i(k).
41
Suppose 8 = 10*a - 6*a, -105 = -o - 2*a. List the prime factors of o.
101
Let d(r) = -10*r + 4. Suppose 0 = -2*i - 0 - 4. Let f be d(i). What are the prime factors of ((-138)/8)/((-9)/f)?
2, 23
Let j(l) be the first derivative of l**3/3 + 7*l**2/2 - 15*l - 8. Let b(f) = -2*f**2 - 3*f - 2. Let q be b(-3). What are the prime factors of j(q)?
29
Let h = -135 + 239. Suppose -5*m + h = 3*z - 0*m, 96 = 3*z - 3*m. Suppose 3 = p, -p = -4*x + 106 - z. What are the prime factors of x?
19
Let r = -10 - -8. List the prime factors of -2 - (r - 0) - (-8 - 1).
3
Let u(d) = -5*d. Let g = -18 - -19. Let c be u(g). Let n(b) = b**3 + 7*b**2 + b - 10. What are the prime factors of n(c)?
5, 7
Let b(r) be the third derivative of r**5/60 + r**3/6 + 5*r**2. List the prime factors of b(-5).
2, 13
Let w be (1/(7 + -4))/(3/(-1251)). Let o = 272 + w. What are the prime factors of o?
7, 19
Let b(k) = k**3 - 5*k**2 + 4*k + 4. Let d be b(5). Suppose 8 = -4*x + d. Suppose 2*o + y = 28, 3*o - 44 + 2 = -x*y. List the prime factors of o.
2, 7
Suppose 33*n - 69165 = 4*n. What are the prime factors of n?
3, 5, 53
Let v(b) = -37*b**3 + 2*b**2 - 1. Suppose -4*s + 10 = z - 1, 9 = 3*s. List the prime factors of v(z).
2, 19
Suppose -5*g = -3*g + 7*g. Suppose 3*x - 4*z - 261 = 0, -2*x + 0*z + 2*z + 176 = g. What are the prime factors of x?
7, 13
Suppose 0 = -3*g - 4*y - 0*y + 309, -5*g - 4*y = -507. Let w = g - 43. List the prime factors of w.
2, 7
Let a(t) = -t**3 - 8*t**2 - 3*t + 8. Let u be a(-8). Let o be u/(-12)*3/(-2). Suppose 0 = -o*y - y + 85. What are the prime factors of y?
17
Let l(v) = -103*v**3 - 5*v**2 + 9*v + 29. List the prime factors of l(-3).
2, 37
Let z(i) = -i**3 - 32*i**2 - 36*i - 95. List the prime factors of z(-31).
2, 3, 5
Let m(d) = 2*d**2 + 7*d. Let r(i) = i + 11. Let u be r(-15). What are the prime factors of m(u)?
2
Let b = -23 + 32. What are the prime factors of -2 + -2 + 540/b?
2, 7
Suppose 5*j = 3*w - 11, w + 4*j + 4 = 2. Suppose -4 = -w*t - 2*u, 5*t - t = -u + 2. Suppose -4*h + 22 + 78 = t. List the prime factors of h.
5
Suppose 3*q + j = 6*q - 1424, 4*j - 4 = 0. List the prime factors of q.
5, 19
Let s be 189*(32/24)/(2 + 0). Suppose 0 = -4*m + 522 - s. List the prime factors of m.
3, 11
Suppose 20*a = 15*a + 1395. What are the prime factors of a?
3, 31
What are the prime factors of 2/(1 - -1 - 1384/694)?
347
Let q = 2185 - 1143. List the prime factors of q.
2, 521
Suppose 5*y - 2*s - 6198 = -0*y, 0 = 4*y + 3*s - 4963. List the prime factors of y.
2, 5, 31
Let l = 42 + 173. What are the prime factors of l?
5, 43
Let w be 386/4*(6/2 + -1). Let h = w + -115. List the prime factors of h.
2, 3, 13
Let c be ((-2)/(-4))/(-3*3/(-18)). Let k = c + 11. List the prime factors of k.
2, 3
List